{"id":251,"date":"2010-05-11T11:28:11","date_gmt":"2010-05-11T09:28:11","guid":{"rendered":"http:\/\/bip.mzo.com.pl\/?page_id=251"},"modified":"2019-02-11T13:35:46","modified_gmt":"2019-02-11T12:35:46","slug":"kapital-spolki","status":"publish","type":"page","link":"https:\/\/bip.mzo.com.pl\/?page_id=251","title":{"rendered":"Kapita\u0142 sp\u00f3\u0142ki"},"content":{"rendered":"<p>Kapita\u0142y w\u0142asne\u00a0w tys. z\u0142 stan na dzie\u0144 31.12.2009r.<\/p>\n<p>&nbsp;<\/p>\n<table border=\"0\" width=\"100%\" cellspacing=\"0\" cellpadding=\"0\">\n<tbody>\n<tr>\n<td width=\"30%\"><strong>kapita\u0142 podstawowy<\/strong><\/td>\n<td width=\"70%\">5 563 tys. z\u0142<\/td>\n<\/tr>\n<tr>\n<td><strong>kapita\u0142 zapasowy<\/strong><\/td>\n<td>3 268 tys. z\u0142<\/td>\n<\/tr>\n<tr>\n<td><strong>zyski zatrzymane<\/strong><\/td>\n<td>171 tys. z\u0142<\/td>\n<\/tr>\n<tr>\n<td><strong>RAZEM:<\/strong><\/td>\n<td>9 002 tys. z<\/td>\n<\/tr>\n<\/tbody>\n<\/table>\n","protected":false},"excerpt":{"rendered":"<p>Kapita\u0142y w\u0142asne\u00a0w tys. z\u0142 stan na dzie\u0144 31.12.2009r. &nbsp; kapita\u0142 podstawowy 5 563 tys. z\u0142 kapita\u0142 zapasowy 3 268 tys. z\u0142 zyski zatrzymane 171 tys. z\u0142 RAZEM: 9 002 tys. z<\/p>\n","protected":false},"author":1,"featured_media":0,"parent":174,"menu_order":0,"comment_status":"closed","ping_status":"closed","template":"","meta":{"footnotes":""},"class_list":["post-251","page","type-page","status-publish","hentry"],"_links":{"self":[{"href":"https:\/\/bip.mzo.com.pl\/index.php?rest_route=\/wp\/v2\/pages\/251","targetHints":{"allow":["GET"]}}],"collection":[{"href":"https:\/\/bip.mzo.com.pl\/index.php?rest_route=\/wp\/v2\/pages"}],"about":[{"href":"https:\/\/bip.mzo.com.pl\/index.php?rest_route=\/wp\/v2\/types\/page"}],"author":[{"embeddable":true,"href":"https:\/\/bip.mzo.com.pl\/index.php?rest_route=\/wp\/v2\/users\/1"}],"replies":[{"embeddable":true,"href":"https:\/\/bip.mzo.com.pl\/index.php?rest_route=%2Fwp%2Fv2%2Fcomments&post=251"}],"version-history":[{"count":12,"href":"https:\/\/bip.mzo.com.pl\/index.php?rest_route=\/wp\/v2\/pages\/251\/revisions"}],"predecessor-version":[{"id":454,"href":"https:\/\/bip.mzo.com.pl\/index.php?rest_route=\/wp\/v2\/pages\/251\/revisions\/454"}],"up":[{"embeddable":true,"href":"https:\/\/bip.mzo.com.pl\/index.php?rest_route=\/wp\/v2\/pages\/174"}],"wp:attachment":[{"href":"https:\/\/bip.mzo.com.pl\/index.php?rest_route=%2Fwp%2Fv2%2Fmedia&parent=251"}],"curies":[{"name":"wp","href":"https:\/\/api.w.org\/{rel}","templated":true}]}}