{"id":476,"date":"2009-05-14T23:28:29","date_gmt":"2009-05-14T21:28:29","guid":{"rendered":"http:\/\/bip.mzo.com.pl\/?page_id=476"},"modified":"2019-02-11T13:40:25","modified_gmt":"2019-02-11T12:40:25","slug":"polityka-jakosci","status":"publish","type":"page","link":"https:\/\/bip.mzo.com.pl\/?page_id=476","title":{"rendered":"Polityka jako\u015bci"},"content":{"rendered":"<p>\u201eWszelka dzia\u0142alno\u015b\u0107 na rzecz ochrony \u015brodowiska, kt\u00f3ra prowadzi do ochrony ziemi, wody i powietrza poprzez organizowanie planowej gospodarki odpadami i ich utylizacji\u201d<br \/>\nZak\u0142ad Oczyszczania i Gospodarki Odpadami \u201eMZO\u201d S.A. \u015bwiadczy us\u0142ugi w zakresie:<\/p>\n<ul>\n<li>Zbi\u00f3rki, transportu, odzysku i unieszkodliwiania odpad\u00f3w innych ni\u017c niebezpieczne;<\/li>\n<li>Zbi\u00f3rki i transportu odpad\u00f3w niebezpiecznych, medycznych i weterynaryjnych;<\/li>\n<li>Selektywnej zbi\u00f3rki odpad\u00f3w surowcowych i ich odzysku;<\/li>\n<li>Sk\u0142adowania odpad\u00f3w na sk\u0142adowisku odpad\u00f3w;<\/li>\n<li>Sprz\u0105tania mechanicznego i r\u0119cznego.<\/li>\n<\/ul>\n<p>Nadrz\u0119dnym celem ZOiGO \u201eMZO\u201d S.A. jest d\u0105\u017cenie do \u015bwiadczenia us\u0142ug na coraz wy\u017cszym poziomie \u2013 spe\u0142niaj\u0105cym oczekiwania klient\u00f3w oraz przyczyniaj\u0105cym si\u0119 do poprawy stanu \u015brodowiska naturalnego. Aby temu sprosta\u0107 wdro\u017cyli\u015bmy i b\u0119dziemy doskonali\u0107 System Zarz\u0105dzania Jako\u015bci\u0105 zgodny z norm\u0105 ISO 9001 oraz System Zarz\u0105dzania \u015arodowiskowego zgodny z norm\u0105 ISO 14001. Systemem obj\u0119te s\u0105 wszystkie etapy realizacji us\u0142ugi pocz\u0105wszy od ustalenia potrzeb i oczekiwa\u0144 klient\u00f3w poprzez wykonanie us\u0142ugi zgodnie z ustalonymi wymaganiami i obowi\u0105zuj\u0105cymi uregulowaniami prawnymi oraz w spos\u00f3b zapobiegaj\u0105cy zanieczyszczeniom i degradacji \u015brodowiska. Polityk\u0119 Jako\u015bci i \u015arodowiskow\u0105 realizujemy poprzez:<\/p>\n<ul>\n<li>Doskonalenie zasad komunikacji z klientami i innymi stronami zainteresowanymi nasz\u0105 dzia\u0142alno\u015bci\u0105 oraz proponowanie satysfakcjonuj\u0105cych wszystkie strony rozwi\u0105za\u0144 w zakresie sposobu wykonywania i rozliczania us\u0142ug.<\/li>\n<li>Doskonalenie proces\u00f3w realizacyjnych w celu zgodnego z wymaganiami i terminowego wykonania us\u0142ugi.<\/li>\n<li>Doskonalenie kompetencji i podnoszenie \u015bwiadomo\u015bci pracownik\u00f3w w zakresie jako\u015bci wykonywanych us\u0142ug oraz w zakresie wp\u0142ywu wykonywanej przez nich pracy na \u015brodowisko.<\/li>\n<li>Przestrzeganie wymaga\u0144 prawnych i innych zasad dotycz\u0105cych ochrony \u015brodowiska.<\/li>\n<\/ul>\n<p>Rozw\u00f3j potencja\u0142u wykonawczego oraz wdra\u017canie proekologicznych i skutecznych metod realizacji us\u0142ug, w szczeg\u00f3lno\u015bci w zakresie:<\/p>\n<ul>\n<li>modernizacji i odnowy taboru oraz pozosta\u0142ego wyposa\u017cenia,<\/li>\n<li>wdra\u017cania technologii maj\u0105cych na celu zmniejszanie ilo\u015bci odpad\u00f3w deponowanych,<\/li>\n<li>eksploatacji sk\u0142adowiska odpad\u00f3w w spos\u00f3b jak najmniej uci\u0105\u017cliwy dla \u015brodowiska.<\/li>\n<li>prowadzenie dzia\u0142alno\u015bci w spos\u00f3b ograniczaj\u0105cy ilo\u015b\u0107 powstaj\u0105cych zanieczyszcze\u0144 oraz racjonalne gospodarowanie no\u015bnikami energetycznymi, wod\u0105 i surowcami.<\/li>\n<\/ul>\n<p>Doskonalenie zabezpiecze\u0144 zapobiegaj\u0105cych awariom stwarzaj\u0105cym zagro\u017cenie dla \u015brodowiska. B\u0119dziemy podejmowa\u0107 dzia\u0142ania maj\u0105ce na celu tworzenie przyjaznej atmosfery pomi\u0119dzy pracownikami oraz dzia\u0142ania w zakresie tworzenia pozytywnych relacji z naszymi klientami, dostawcami i innymi stronami zainteresowanymi, przy zachowaniu pe\u0142nej wymagalno\u015bci we wzajemnych zobowi\u0105zaniach. B\u0119dziemy d\u0105\u017cy\u0107 do tworzenia wizerunku naszej firmy, jako przyjaznej dla \u015brodowiska oraz prowadzi\u0107 dzia\u0142ania maj\u0105ce na celu wzrost \u015bwiadomo\u015bci proekologicznej spo\u0142ecze\u0144stwa lokalnego.<\/p>\n<p>&nbsp;<\/p>\n<table class=\" aligncenter\">\n<tbody>\n<tr>\n<td><img loading=\"lazy\" decoding=\"async\" class=\"size-full wp-image-480 aligncenter\" src=\"https:\/\/bip.mzo.com.pl\/wp-content\/uploads\/2018\/09\/dekra2.jpg\" alt=\"\" width=\"115\" height=\"198\" \/><\/td>\n<td><img loading=\"lazy\" decoding=\"async\" class=\"size-full wp-image-480 aligncenter\" src=\"https:\/\/bip.mzo.com.pl\/wp-content\/uploads\/2018\/09\/dekra2.jpg\" alt=\"\" width=\"115\" height=\"198\" \/><\/td>\n<\/tr>\n<\/tbody>\n<\/table>\n","protected":false},"excerpt":{"rendered":"<p>\u201eWszelka dzia\u0142alno\u015b\u0107 na rzecz ochrony \u015brodowiska, kt\u00f3ra prowadzi do ochrony ziemi, wody i powietrza poprzez organizowanie planowej gospodarki odpadami i ich utylizacji\u201d Zak\u0142ad Oczyszczania i Gospodarki Odpadami \u201eMZO\u201d S.A. \u015bwiadczy us\u0142ugi w zakresie: Zbi\u00f3rki, transportu, odzysku i unieszkodliwiania odpad\u00f3w innych ni\u017c niebezpieczne; Zbi\u00f3rki i transportu odpad\u00f3w niebezpiecznych, medycznych i weterynaryjnych; Selektywnej zbi\u00f3rki odpad\u00f3w surowcowych i &hellip; <a href=\"https:\/\/bip.mzo.com.pl\/?page_id=476\" class=\"more-link\">Czytaj dalej <span class=\"screen-reader-text\">Polityka jako\u015bci<\/span><\/a><\/p>\n","protected":false},"author":1,"featured_media":0,"parent":0,"menu_order":0,"comment_status":"closed","ping_status":"closed","template":"","meta":{"footnotes":""},"class_list":["post-476","page","type-page","status-publish","hentry"],"_links":{"self":[{"href":"https:\/\/bip.mzo.com.pl\/index.php?rest_route=\/wp\/v2\/pages\/476","targetHints":{"allow":["GET"]}}],"collection":[{"href":"https:\/\/bip.mzo.com.pl\/index.php?rest_route=\/wp\/v2\/pages"}],"about":[{"href":"https:\/\/bip.mzo.com.pl\/index.php?rest_route=\/wp\/v2\/types\/page"}],"author":[{"embeddable":true,"href":"https:\/\/bip.mzo.com.pl\/index.php?rest_route=\/wp\/v2\/users\/1"}],"replies":[{"embeddable":true,"href":"https:\/\/bip.mzo.com.pl\/index.php?rest_route=%2Fwp%2Fv2%2Fcomments&post=476"}],"version-history":[{"count":5,"href":"https:\/\/bip.mzo.com.pl\/index.php?rest_route=\/wp\/v2\/pages\/476\/revisions"}],"predecessor-version":[{"id":484,"href":"https:\/\/bip.mzo.com.pl\/index.php?rest_route=\/wp\/v2\/pages\/476\/revisions\/484"}],"wp:attachment":[{"href":"https:\/\/bip.mzo.com.pl\/index.php?rest_route=%2Fwp%2Fv2%2Fmedia&parent=476"}],"curies":[{"name":"wp","href":"https:\/\/api.w.org\/{rel}","templated":true}]}}